{"id":640,"date":"2022-01-31T16:00:37","date_gmt":"2022-01-31T15:00:37","guid":{"rendered":"https:\/\/ffss-73.fr\/?page_id=640"},"modified":"2022-01-31T16:45:09","modified_gmt":"2022-01-31T15:45:09","slug":"mac-sst-maintien-et-actualisation-des-competences","status":"publish","type":"page","link":"https:\/\/ffss-73.fr\/index.php\/mac-sst-maintien-et-actualisation-des-competences\/","title":{"rendered":"MAC SST &#8211; Maintien et Actualisation des Comp\u00e9tences"},"content":{"rendered":"<h3><img loading=\"lazy\" decoding=\"async\" class=\"wp-image-587 aligncenter\" src=\"https:\/\/ffss-73.fr\/wp-content\/uploads\/2020\/09\/logo-sst-300x300.png\" alt=\"\" width=\"213\" height=\"213\" srcset=\"https:\/\/ffss-73.fr\/wp-content\/uploads\/2020\/09\/logo-sst-300x300.png 300w, https:\/\/ffss-73.fr\/wp-content\/uploads\/2020\/09\/logo-sst-150x150.png 150w, https:\/\/ffss-73.fr\/wp-content\/uploads\/2020\/09\/logo-sst-768x768.png 768w, https:\/\/ffss-73.fr\/wp-content\/uploads\/2020\/09\/logo-sst-1024x1024.png 1024w, https:\/\/ffss-73.fr\/wp-content\/uploads\/2020\/09\/logo-sst-1200x1200.png 1200w, https:\/\/ffss-73.fr\/wp-content\/uploads\/2020\/09\/logo-sst.png 1900w\" sizes=\"auto, (max-width: 213px) 100vw, 213px\" \/><\/h3>\n<p style=\"text-align: center;\"><span style=\"color: #008000;\"><em><strong>Suivant le document de r\u00e9f\u00e9rence INRS V7.01\/2020<\/strong><\/em><\/span><\/p>\n<p>&nbsp;<\/p>\n<blockquote>\n<h3>\u00a0 <span style=\"color: #00ffff;\">Public et pr\u00e9-requis<\/span><\/h3>\n<\/blockquote>\n<ul>\n<li>Groupe : de 4 \u00e0 10 personnes maximum.<\/li>\n<li>\u00catre titulaire du certificat SST d\u00e9livr\u00e9 par une entit\u00e9 habilit\u00e9e.<\/li>\n<li>Formation accessible aux personnes handicap\u00e9es : oui, merci de contacter le service formation.<\/li>\n<li><span style=\"color: #0000ff;\"><strong>PASS VACCINAL OBLIGATOIRE<\/strong><\/span> : il consiste\u00a0en la pr\u00e9sentation num\u00e9rique (via l&rsquo;application Anti-Covid) ou papier, d&rsquo;une preuve sanitaire,\u00a0parmi les deux suivantes :\n<div>\n<ul>\n<li>La vaccination, \u00e0 la condition de disposer d&rsquo;un sch\u00e9ma vaccinal complet ou d&rsquo;une contre indication \u00e0 la vaccination<\/li>\n<li>Le r\u00e9sultat d&rsquo;un test RT-PCR ou antig\u00e9nique positif attestant du r\u00e9tablissement de la Covid-19, datant d&rsquo;au moins\u00a011 jours et de moins de 4 mois.<\/li>\n<\/ul>\n<\/div>\n<\/li>\n<\/ul>\n<blockquote>\n<h3>\u00a0 \u00a0<span style=\"color: #00ffff;\">objectifs vis\u00e9s<\/span><\/h3>\n<\/blockquote>\n<p>A l\u2019issue de la formation le stagiaire sera capable de\u00a0:<\/p>\n<ul>\n<li>Mettre en application ses comp\u00e9tences au profil de la sant\u00e9 et s\u00e9curit\u00e9 de travail.<\/li>\n<li>Intervenir imm\u00e9diatement et efficacement en cas d\u2019accident du travail, dans l\u2019attente des secours sp\u00e9cialis\u00e9s.<\/li>\n<li>Reconna\u00eetre les risques professionnels et d\u2019articuler son action avec les autres acteurs de la pr\u00e9vention de l\u2019entreprise.<\/li>\n<\/ul>\n<blockquote>\n<h3>\u00a0\u00a0 <span style=\"color: #00ffff;\">contenu de la formation<\/span><\/h3>\n<\/blockquote>\n<h6><strong><span style=\"color: #0000ff;\"><u>Domaine de comp\u00e9tences 1<\/u>\u00a0:<\/span><\/strong><\/h6>\n<p>Intervenir face \u00e0 une situation d\u2019accident du travail<\/p>\n<ul>\n<li>1.<strong> Prot\u00e9ger de fa\u00e7on adapt\u00e9e<br \/>\n<\/strong>&#8211; Mettre en \u0153uvre les mesures de protection d\u00e9crites dans le processus d\u2019alerte aux populations.<br \/>\n&#8211; Identifier les dangers persistants et rep\u00e9rer les personnes qui pourraient y \u00eatre expos\u00e9es.<br \/>\n&#8211; Supprimer ou isoler le danger persistant, ou soustraire la victime au danger persistant sans s\u2019exposer soi-m\u00eame.<\/li>\n<li>2. <strong>Examiner la victime<br \/>\n<\/strong><strong>&#8211;<\/strong> Rechercher, suivant un ordre d\u00e9termin\u00e9, la pr\u00e9sence d\u2019un (ou plusieurs) des signes indiquant que la vie de la victime est imm\u00e9diatement menac\u00e9e.<br \/>\n<strong>&#8211;<\/strong> Reconna\u00eetre les autres signes affectant la victime.<br \/>\n<strong>&#8211;<\/strong> Prioriser les actions \u00e0 r\u00e9aliser en fonction des signes d\u00e9cel\u00e9s et du r\u00e9sultat \u00e0 atteindre.<\/li>\n<li>3.<strong> Garantir une alerte favorisant l\u2019arriv\u00e9e de secours adapt\u00e9s au plus pr\u00e8s de la victime<br \/>\n<\/strong>&#8211; D\u00e9finir les diff\u00e9rents \u00e9l\u00e9ments du message d\u2019alerte.<br \/>\n&#8211; Identifier qui alerter en fonction de l\u2019organisation des secours dans l\u2019entreprise<br \/>\n&#8211; Faire alerter par la personne la plus apte ou alerter soi-m\u00eame.<\/li>\n<li>4. <strong>Secourir la victime de mani\u00e8re appropri\u00e9e<br \/>\n<\/strong>&#8211; Choisir \u00e0 l\u2019issue de l\u2019examen l\u2019action ou les actions \u00e0 effectuer.<br \/>\n&#8211; R\u00e9aliser l\u2019action ou les actions choisie(s) en respectant la conduite \u00e0 tenir indiqu\u00e9e dans le guide des donn\u00e9es techniques.<br \/>\n&#8211; Surveiller, jusqu\u2019\u00e0 la prise en charge de la victime par les secours sp\u00e9cialis\u00e9s, l\u2019am\u00e9lioration ou l\u2019aggravation de son \u00e9tat et adapter sa conduite si besoin.<\/li>\n<\/ul>\n<h6><span style=\"color: #0000ff;\"><strong><u>Domaine de comp\u00e9tences 2<\/u><\/strong><\/span><strong><span style=\"color: #0000ff;\">\u00a0:<\/span> <\/strong><\/h6>\n<p>Contribuer \u00e0 la pr\u00e9vention des risques professionnels dans l\u2019entreprise<\/p>\n<ul>\n<li>5. <strong>Situer son r\u00f4le de SST dans l\u2019organisation de la pr\u00e9vention de l\u2019entreprise<br \/>\n<\/strong>&#8211; S\u2019approprier les enjeux de la pr\u00e9vention pour en situer l\u2019importance dans son entreprise.<br \/>\n&#8211; Se positionner comme un des acteurs de la pr\u00e9vention dans son entreprise.<\/li>\n<li>6. <strong>Caract\u00e9riser des risques professionnels dans une situation de travail<br \/>\n<\/strong>&#8211; Rep\u00e9rer des dangers et informer les personnes qui pourraient y \u00eatre expos\u00e9es.<br \/>\n&#8211; D\u00e9terminer des risques et leurs dommages potentiels<\/li>\n<li>7.<strong> Participer \u00e0 la ma\u00eetrise des risques professionnels par des actions de pr\u00e9vention<br \/>\n<\/strong>&#8211; Supprimer ou \u00e0 d\u00e9faut r\u00e9duire les risques sur lesquels il est possible d\u2019agir directement.<br \/>\n&#8211; Transmettre aux personnes en charge de la pr\u00e9vention les \u00e9l\u00e9ments li\u00e9s \u00e0 toute situation dangereuse rep\u00e9r\u00e9e<br \/>\n&#8211; Proposer, si possible, des pistes d\u2019am\u00e9lioration.<\/li>\n<\/ul>\n<blockquote>\n<h3><strong>\u00a0 <span style=\"color: #00ffff;\">Moyens p\u00e9dagogiques, techniques et d\u2019encadrement<\/span>\u00a0<\/strong><\/h3>\n<\/blockquote>\n<ul>\n<li><strong>Respect des proc\u00e9dures COVID de l&rsquo;INRS<\/strong>.<\/li>\n<li>Discussions de groupe \/ Animation diaporama informatique \/ Partage d\u2019exp\u00e9riences \/ Mise en situations pratiques.<\/li>\n<li>Mannequins adulte, enfant et nourrisson \/ D\u00e9fibrillateur Automatis\u00e9 Externe.<\/li>\n<li>Maquillage de simulation de blessures ou de brulures.<\/li>\n<li>Remise aux participants de l\u2019aide-m\u00e9moire \u00ab\u00a0Sauvetage secourisme du travail\u00a0\u00bb INRS et d\u2019un kit SST.<\/li>\n<li>Intervenant\u00a0: Formateur habilit\u00e9 INRS \u00e0 jour de recyclage du CD FFSS73.<\/li>\n<\/ul>\n<blockquote>\n<h3><strong>\u00a0 <span style=\"color: #00ffff;\">Suivi\u00a0 et \u00e9valuation\u00a0des r\u00e9sultats :<\/span><\/strong><\/h3>\n<\/blockquote>\n<ul>\n<li>Modalit\u00e9 d\u2019\u00e9valuation\u00a0: en continue, \u00e0 partir de mises en situation et certification finale.<\/li>\n<li>Questionnaire d\u2019\u00e9valuation de la satisfaction.<\/li>\n<li>Feuille d\u2019\u00e9margement.<\/li>\n<li>Attestation de fin de formation et d\u00e9livrance d\u2019un certificat SST.<\/li>\n<\/ul>\n<blockquote>\n<h3><strong>\u00a0 <span style=\"color: #00ffff;\">Dur\u00e9e, date et lieu\u00a0:<\/span><\/strong><\/h3>\n<\/blockquote>\n<ul>\n<li>7h en pr\u00e9sentiel pour une Formation MAC SST.<\/li>\n<li>Date(s) \u00e0 d\u00e9finir.<\/li>\n<li>Lieu : dans les entreprises<\/li>\n<\/ul>\n<p>&nbsp;<\/p>\n<h3>\u00a0\u00a0\u00a0\u00a0\u00a0\u00a0\u00a0\u00a0\u00a0\u00a0\u00a0\u00a0\u00a0\u00a0\u00a0\u00a0\u00a0\u00a0\u00a0\u00a0\u00a0\u00a0\u00a0\u00a0\u00a0\u00a0\u00a0\u00a0\u00a0\u00a0\u00a0\u00a0\u00a0\u00a0\u00a0\u00a0\u00a0\u00a0\u00a0\u00a0\u00a0\u00a0\u00a0\u00a0\u00a0\u00a0\u00a0\u00a0\u00a0\u00a0\u00a0 <img loading=\"lazy\" decoding=\"async\" class=\"size-medium wp-image-591 alignnone\" src=\"https:\/\/ffss-73.fr\/wp-content\/uploads\/2020\/09\/SST-4-300x300.png\" alt=\"\" width=\"300\" height=\"300\" srcset=\"https:\/\/ffss-73.fr\/wp-content\/uploads\/2020\/09\/SST-4-300x300.png 300w, https:\/\/ffss-73.fr\/wp-content\/uploads\/2020\/09\/SST-4-150x150.png 150w, https:\/\/ffss-73.fr\/wp-content\/uploads\/2020\/09\/SST-4.png 400w\" sizes=\"auto, (max-width: 300px) 100vw, 300px\" \/><\/h3>\n<blockquote>\n<h3>\u00a0\u00a0 <span style=\"color: #00ffff;\">Tarifs<\/span><\/h3>\n<\/blockquote>\n<p>NOUS CONTACTER par mail sur <a href=\"&#x6d;&#97;&#x69;&#108;t&#x6f;&#58;f&#x6f;&#114;&#x6d;&#x61;t&#x69;&#111;n&#x73;&#115;&#x74;&#x2e;f&#x66;&#115;s&#x37;&#51;&#64;&#x67;&#109;&#x61;&#105;l&#x2e;&#99;o&#x6d;\">&#x66;o&#x72;&#109;&#x61;&#x74;i&#x6f;&#110;&#x73;&#x73;t&#x2e;&#102;&#x66;&#x73;s&#x37;&#51;&#x40;&#x67;m&#x61;&#105;&#x6c;&#x2e;c&#x6f;&#109;<\/a><\/p>\n<p>&nbsp;<\/p>\n<p><img loading=\"lazy\" decoding=\"async\" class=\"alignnone wp-image-483\" src=\"https:\/\/ffss-73.fr\/wp-content\/uploads\/2020\/07\/Picto-catalogue-297x300.jpg\" alt=\"\" width=\"56\" height=\"57\" srcset=\"https:\/\/ffss-73.fr\/wp-content\/uploads\/2020\/07\/Picto-catalogue-297x300.jpg 297w, https:\/\/ffss-73.fr\/wp-content\/uploads\/2020\/07\/Picto-catalogue-150x150.jpg 150w, https:\/\/ffss-73.fr\/wp-content\/uploads\/2020\/07\/Picto-catalogue.jpg 710w\" sizes=\"auto, (max-width: 56px) 100vw, 56px\" \/><a href=\"https:\/\/ffss-73.fr\/wp-content\/uploads\/2020\/09\/Programme-MAC-SST.pdf\">\u00a0\u00a0 Programme MAC SST &#8211; A TELECHARGER<\/a><\/p>\n<p><img loading=\"lazy\" decoding=\"async\" class=\"alignnone wp-image-483\" src=\"https:\/\/ffss-73.fr\/wp-content\/uploads\/2020\/07\/Picto-catalogue-297x300.jpg\" alt=\"\" width=\"56\" height=\"57\" srcset=\"https:\/\/ffss-73.fr\/wp-content\/uploads\/2020\/07\/Picto-catalogue-297x300.jpg 297w, https:\/\/ffss-73.fr\/wp-content\/uploads\/2020\/07\/Picto-catalogue-150x150.jpg 150w, https:\/\/ffss-73.fr\/wp-content\/uploads\/2020\/07\/Picto-catalogue.jpg 710w\" sizes=\"auto, (max-width: 56px) 100vw, 56px\" \/>\u00a0\u00a0 <a href=\"https:\/\/ffss-73.fr\/wp-content\/uploads\/2020\/09\/Demande-de-renseignements-entreprises-pour-SST-MAC-SST-CD-FFSS73-V1-10.09.2020.docx\">Fiche de renseignements entreprises pour SST &#8211; MAC SST &#8211; A TELECHARGER<\/a><\/p>\n","protected":false},"excerpt":{"rendered":"<p>Suivant le document de r\u00e9f\u00e9rence INRS V7.01\/2020 &nbsp; \u00a0 Public et pr\u00e9-requis Groupe : de 4 \u00e0 10 personnes maximum. \u00catre titulaire du certificat SST d\u00e9livr\u00e9 par une entit\u00e9 habilit\u00e9e. Formation accessible aux personnes handicap\u00e9es : oui, merci de contacter le service formation. PASS VACCINAL OBLIGATOIRE : il consiste\u00a0en la [&hellip;]<\/p>\n","protected":false},"author":1,"featured_media":0,"parent":0,"menu_order":0,"comment_status":"closed","ping_status":"closed","template":"","meta":{"footnotes":""},"class_list":["post-640","page","type-page","status-publish","hentry"],"_links":{"self":[{"href":"https:\/\/ffss-73.fr\/index.php\/wp-json\/wp\/v2\/pages\/640","targetHints":{"allow":["GET"]}}],"collection":[{"href":"https:\/\/ffss-73.fr\/index.php\/wp-json\/wp\/v2\/pages"}],"about":[{"href":"https:\/\/ffss-73.fr\/index.php\/wp-json\/wp\/v2\/types\/page"}],"author":[{"embeddable":true,"href":"https:\/\/ffss-73.fr\/index.php\/wp-json\/wp\/v2\/users\/1"}],"replies":[{"embeddable":true,"href":"https:\/\/ffss-73.fr\/index.php\/wp-json\/wp\/v2\/comments?post=640"}],"version-history":[{"count":8,"href":"https:\/\/ffss-73.fr\/index.php\/wp-json\/wp\/v2\/pages\/640\/revisions"}],"predecessor-version":[{"id":1150,"href":"https:\/\/ffss-73.fr\/index.php\/wp-json\/wp\/v2\/pages\/640\/revisions\/1150"}],"wp:attachment":[{"href":"https:\/\/ffss-73.fr\/index.php\/wp-json\/wp\/v2\/media?parent=640"}],"curies":[{"name":"wp","href":"https:\/\/api.w.org\/{rel}","templated":true}]}}