{"id":23,"date":"2020-02-04T16:00:22","date_gmt":"2020-02-04T15:00:22","guid":{"rendered":"http:\/\/ffss-73.fr\/?page_id=23"},"modified":"2020-02-04T16:58:05","modified_gmt":"2020-02-04T15:58:05","slug":"operations-de-secours","status":"publish","type":"page","link":"https:\/\/ffss-73.fr\/index.php\/operations-de-secours\/","title":{"rendered":"Op\u00e9rations de Secours aux populations en difficult\u00e9"},"content":{"rendered":"<p>En cas d\u2019\u00e9v\u00e8nements exceptionnels (grave accident de la route, catastrophe industrielle, catastrophe naturelle, perturbation majeure du trafic routier (plan neige par exemple), attentats, les associations de S\u00e9curit\u00e9 Civile peuvent \u00eatre mobiliser par le Pr\u00e9fet et les services d&rsquo;Etat pour mettre \u00e0 disposition leurs moyens de secours et d\u2019assistance aux populations.<\/p>\n<p>Sur demande de la Pr\u00e9fecture, les effectifs de secouristes et leurs v\u00e9hicules de secours sont envoy\u00e9s sur le lieu du sinistre dans le cadre du dispositif ORSEC.<br \/>\nMais \u00e9galement des cadres du Comit\u00e9 peuvent \u00eatre pr\u00e9sents au sein du Centre Op\u00e9rationnel D\u00e9partemental (COD) de la Pr\u00e9fecture de la Savoie et \u00e0 la Cellule d\u2019Information du Public (CIP).<\/p>\n<p>Des mairies peuvent faire appel au Comit\u00e9 et ses moyens lors d\u2019\u00e9v\u00e8nements majeurs se produisant dans leur commune.<br \/>\nCe d\u00e9clenchement se fait dans le cadre de leur Plan Communal de Sauvegarde (PCS) et se traduit par l\u2019envoi d\u2019\u00e9quipes de soutien aux populations, de mat\u00e9riel ou d\u2019\u00e9quipes de secours.<\/p>\n<p>Pour r\u00e9pondre au mieux \u00e0 ces situations de crises majeures, la Pr\u00e9fecture ainsi que les services de l&rsquo;Etat, de la Gendarmerie et de la Police etc&#8230; organisent r\u00e9guli\u00e8rement des exercices de simulation (attentat, tuerie de masse, feu de tunnel..) auxquels les AASC sont convi\u00e9es.<br \/>\nAinsi, le CD 73 participe \u00e0 ces mises en situation afin d&rsquo;acqu\u00e9rir et d&rsquo;affiner ses techniques d&rsquo;intervention en liaison avec les services de secours publics (SDIS, SAMU&#8230;) et les autorit\u00e9s pr\u00e9fectorales.<\/p>\n","protected":false},"excerpt":{"rendered":"<p>En cas d\u2019\u00e9v\u00e8nements exceptionnels (grave accident de la route, catastrophe industrielle, catastrophe naturelle, perturbation majeure du trafic routier (plan neige par exemple), attentats, les associations de S\u00e9curit\u00e9 Civile peuvent \u00eatre mobiliser par le Pr\u00e9fet et les services d&rsquo;Etat pour mettre \u00e0 disposition leurs moyens de secours et d\u2019assistance aux populations. [&hellip;]<\/p>\n","protected":false},"author":1,"featured_media":0,"parent":0,"menu_order":0,"comment_status":"closed","ping_status":"closed","template":"","meta":{"footnotes":""},"class_list":["post-23","page","type-page","status-publish","hentry"],"_links":{"self":[{"href":"https:\/\/ffss-73.fr\/index.php\/wp-json\/wp\/v2\/pages\/23","targetHints":{"allow":["GET"]}}],"collection":[{"href":"https:\/\/ffss-73.fr\/index.php\/wp-json\/wp\/v2\/pages"}],"about":[{"href":"https:\/\/ffss-73.fr\/index.php\/wp-json\/wp\/v2\/types\/page"}],"author":[{"embeddable":true,"href":"https:\/\/ffss-73.fr\/index.php\/wp-json\/wp\/v2\/users\/1"}],"replies":[{"embeddable":true,"href":"https:\/\/ffss-73.fr\/index.php\/wp-json\/wp\/v2\/comments?post=23"}],"version-history":[{"count":16,"href":"https:\/\/ffss-73.fr\/index.php\/wp-json\/wp\/v2\/pages\/23\/revisions"}],"predecessor-version":[{"id":354,"href":"https:\/\/ffss-73.fr\/index.php\/wp-json\/wp\/v2\/pages\/23\/revisions\/354"}],"wp:attachment":[{"href":"https:\/\/ffss-73.fr\/index.php\/wp-json\/wp\/v2\/media?parent=23"}],"curies":[{"name":"wp","href":"https:\/\/api.w.org\/{rel}","templated":true}]}}